{"id":266,"date":"2025-10-13T17:43:34","date_gmt":"2025-10-13T15:43:34","guid":{"rendered":"https:\/\/lesgitesdelamourebasse.fr\/index.php\/accommodations\/"},"modified":"2025-10-13T17:43:34","modified_gmt":"2025-10-13T15:43:34","slug":"accommodations","status":"publish","type":"page","link":"https:\/\/lesgitesdelamourebasse.fr\/index.php\/accommodations\/","title":{"rendered":"Accommodations"},"content":{"rendered":"<div class=\"mphb_sc_rooms-wrapper mphb-room-types \">\n<div class=\"mphb-room-type post-376 mphb_room_type type-mphb_room_type status-publish mphb_room_type_facility-animaux-acceptes-gite-bievenue mphb_room_type_facility-cuisine-entierement-equipee-gite-autonomie mphb_room_type_facility-linge-maison-inclus-location mphb_room_type_facility-parking-gratuit mphb_room_type_facility-piscine-partagee-gite mphb_room_type_facility-terrasse-privee-barbecue-gite mphb_room_type_facility-wi-fi-gratuit-haut-debit-gite mphb-room-type-adults-2 mphb-room-type-children-1 \">\n\n\t\n\t\n<h2 class=\"mphb-room-type-title entry-title\">\n\n<a class=\"mphb-room-type-title\" href=\"https:\/\/lesgitesdelamourebasse.fr\/index.php\/accommodation\/gite-iris\/\">G\u00eete Iris<\/a>\n\n<\/h2>\n\n<p>Laissez-vous s\u00e9duire par l&rsquo;atmosph\u00e8re douce et lumineuse du G\u00eete Iris ! Ce charmant appartement de 55m\u00b2 vous offre le parfait \u00e9quilibre entre intimit\u00e9 et convivialit\u00e9. Par cons\u00e9quent, il est id\u00e9al [&hellip;]<\/p>\n\n\n<h3 class=\"mphb-room-type-details-title\">D\u00e9tails<\/h3><ul class=\"mphb-loop-room-type-attributes\">\n\t<li class=\"mphb-room-type-total-capacity\"><span class=\"mphb-attribute-title mphb-total-capacity-title\">Invit\u00e9s:<\/span><span class=\"mphb-attribute-value\">\n\t3\n\t<\/span><\/li>\t\n\n\n\n\t<li class=\"mphb-room-type-facilities\"><span class=\"mphb-attribute-title mphb-facilities-title\">\u00c9quipements :<\/span><span class=\"mphb-attribute-value\"> <span class=\"facility-animaux-acceptes-gite-bievenue\"><a href=\"https:\/\/lesgitesdelamourebasse.fr\/index.php\/accommodation-facility\/animaux-acceptes-gite-bievenue\/\">Animaux bienvenus<\/a><\/span>, <span class=\"facility-cuisine-entierement-equipee-gite-autonomie\"><a href=\"https:\/\/lesgitesdelamourebasse.fr\/index.php\/accommodation-facility\/cuisine-entierement-equipee-gite-autonomie\/\">Cuisine enti\u00e8rement \u00e9quip\u00e9e<\/a><\/span>, <span class=\"facility-linge-maison-inclus-location\"><a href=\"https:\/\/lesgitesdelamourebasse.fr\/index.php\/accommodation-facility\/linge-maison-inclus-location\/\">Linge de maison fourni<\/a><\/span>, <span class=\"facility-parking-gratuit\"><a href=\"https:\/\/lesgitesdelamourebasse.fr\/index.php\/accommodation-facility\/parking-gratuit\/\">Parking gratuit<\/a><\/span>, <span class=\"facility-piscine-partagee-gite\"><a href=\"https:\/\/lesgitesdelamourebasse.fr\/index.php\/accommodation-facility\/piscine-partagee-gite\/\">Piscine partag\u00e9e<\/a><\/span>, <span class=\"facility-terrasse-privee-barbecue-gite\"><a href=\"https:\/\/lesgitesdelamourebasse.fr\/index.php\/accommodation-facility\/terrasse-privee-barbecue-gite\/\">Terrasse privative<\/a><\/span>, <span class=\"facility-wi-fi-gratuit-haut-debit-gite\"><a href=\"https:\/\/lesgitesdelamourebasse.fr\/index.php\/accommodation-facility\/wi-fi-gratuit-haut-debit-gite\/\">Wi-Fi gratuit<\/a><\/span><\/span><\/li>\n\t\n\n\n\t<li class=\"mphb-room-type-view\"><span class=\"mphb-attribute-title mphb-view-title\">Vue :<\/span><span class=\"mphb-attribute-value\">\n\tG\u00eete, piscine partag\u00e9e, terrasse privative, proche Lauzerte\n\t<\/span><\/li>\n\t\n\n\n\t<li class=\"mphb-room-type-size\"><span class=\"mphb-attribute-title mphb-size-title\">Taille :<\/span><span class=\"mphb-attribute-value\">\n\t55m\u00b2\n\t<\/span><\/li>\n\t\n\n\t<li class=\"mphb-room-type-bed-type\"><span  class=\"mphb-attribute-title mphb-bed-type-title\">Type de lit :<\/span><span class=\"mphb-attribute-value\">\n\t1 lit double 140x190 cm et 1 lit simple 90x190cm\n\t<\/span><\/li>\n\t\n\n<\/ul>\n\n<p class=\"mphb-view-details-button-wrapper\">\n<a class=\"button mphb-view-details-button\" href=\"https:\/\/lesgitesdelamourebasse.fr\/index.php\/accommodation\/gite-iris\/\" >Voir les d\u00e9tails<\/a>\n<\/p>\n<div class=\"mphb-to-book-btn-wrapper\">\n<form action=\"https:\/\/lesgitesdelamourebasse.fr\/index.php\/accommodation\/gite-iris\/#booking-form-376\" method=\"get\" ><button type=\"submit\" class=\"button mphb-book-button\" >R\u00e9server<\/button><\/form>\n<br\/><\/div>\n\t\n<\/div>\n\n<div class=\"mphb-room-type post-371 mphb_room_type type-mphb_room_type status-publish mphb_room_type_facility-animaux-acceptes-gite-bievenue mphb_room_type_facility-cuisine-entierement-equipee-gite-autonomie mphb_room_type_facility-linge-maison-inclus-location mphb_room_type_facility-parking-gratuit mphb_room_type_facility-piscine-partagee-gite mphb_room_type_facility-terrasse-privee-barbecue-gite mphb_room_type_facility-wi-fi-gratuit-haut-debit-gite mphb-room-type-adults-3 mphb-room-type-children-1 \">\n\n\t\n\t\n<h2 class=\"mphb-room-type-title entry-title\">\n\n<a class=\"mphb-room-type-title\" href=\"https:\/\/lesgitesdelamourebasse.fr\/index.php\/accommodation\/gite-lavande\/\">G\u00eete Lavande<\/a>\n\n<\/h2>\n\n<p>\u00c9loignez-vous du quotidien et plongez dans l&rsquo;atmosph\u00e8re apaisante du G\u00eete Lavande. Ce ravissant cocon de 60m\u00b2, con\u00e7u pour accueillir trois personnes, offre le parfait \u00e9quilibre entre intimit\u00e9 et convivialit\u00e9. Il [&hellip;]<\/p>\n\n\n<h3 class=\"mphb-room-type-details-title\">D\u00e9tails<\/h3><ul class=\"mphb-loop-room-type-attributes\">\n\t<li class=\"mphb-room-type-total-capacity\"><span class=\"mphb-attribute-title mphb-total-capacity-title\">Invit\u00e9s:<\/span><span class=\"mphb-attribute-value\">\n\t3\n\t<\/span><\/li>\t\n\n\n\n\t<li class=\"mphb-room-type-facilities\"><span class=\"mphb-attribute-title mphb-facilities-title\">\u00c9quipements :<\/span><span class=\"mphb-attribute-value\"> <span class=\"facility-animaux-acceptes-gite-bievenue\"><a href=\"https:\/\/lesgitesdelamourebasse.fr\/index.php\/accommodation-facility\/animaux-acceptes-gite-bievenue\/\">Animaux bienvenus<\/a><\/span>, <span class=\"facility-cuisine-entierement-equipee-gite-autonomie\"><a href=\"https:\/\/lesgitesdelamourebasse.fr\/index.php\/accommodation-facility\/cuisine-entierement-equipee-gite-autonomie\/\">Cuisine enti\u00e8rement \u00e9quip\u00e9e<\/a><\/span>, <span class=\"facility-linge-maison-inclus-location\"><a href=\"https:\/\/lesgitesdelamourebasse.fr\/index.php\/accommodation-facility\/linge-maison-inclus-location\/\">Linge de maison fourni<\/a><\/span>, <span class=\"facility-parking-gratuit\"><a href=\"https:\/\/lesgitesdelamourebasse.fr\/index.php\/accommodation-facility\/parking-gratuit\/\">Parking gratuit<\/a><\/span>, <span class=\"facility-piscine-partagee-gite\"><a href=\"https:\/\/lesgitesdelamourebasse.fr\/index.php\/accommodation-facility\/piscine-partagee-gite\/\">Piscine partag\u00e9e<\/a><\/span>, <span class=\"facility-terrasse-privee-barbecue-gite\"><a href=\"https:\/\/lesgitesdelamourebasse.fr\/index.php\/accommodation-facility\/terrasse-privee-barbecue-gite\/\">Terrasse privative<\/a><\/span>, <span class=\"facility-wi-fi-gratuit-haut-debit-gite\"><a href=\"https:\/\/lesgitesdelamourebasse.fr\/index.php\/accommodation-facility\/wi-fi-gratuit-haut-debit-gite\/\">Wi-Fi gratuit<\/a><\/span><\/span><\/li>\n\t\n\n\n\t<li class=\"mphb-room-type-view\"><span class=\"mphb-attribute-title mphb-view-title\">Vue :<\/span><span class=\"mphb-attribute-value\">\n\tG\u00eete, piscine partag\u00e9e, terrasse privative, proche Lauzerte\n\t<\/span><\/li>\n\t\n\n\n\t<li class=\"mphb-room-type-size\"><span class=\"mphb-attribute-title mphb-size-title\">Taille :<\/span><span class=\"mphb-attribute-value\">\n\t60m\u00b2\n\t<\/span><\/li>\n\t\n\n\t<li class=\"mphb-room-type-bed-type\"><span  class=\"mphb-attribute-title mphb-bed-type-title\">Type de lit :<\/span><span class=\"mphb-attribute-value\">\n\t1 lit double 140x190 cm et 1 lit simple 90x190cm\n\t<\/span><\/li>\n\t\n\n<\/ul>\n\n<p class=\"mphb-view-details-button-wrapper\">\n<a class=\"button mphb-view-details-button\" href=\"https:\/\/lesgitesdelamourebasse.fr\/index.php\/accommodation\/gite-lavande\/\" >Voir les d\u00e9tails<\/a>\n<\/p>\n<div class=\"mphb-to-book-btn-wrapper\">\n<form action=\"https:\/\/lesgitesdelamourebasse.fr\/index.php\/accommodation\/gite-lavande\/#booking-form-371\" method=\"get\" ><button type=\"submit\" class=\"button mphb-book-button\" >R\u00e9server<\/button><\/form>\n<br\/><\/div>\n\t\n<\/div>\n\n<div class=\"mphb-room-type post-363 mphb_room_type type-mphb_room_type status-publish mphb_room_type_tag-animaux-bienvenus mphb_room_type_tag-barbecue mphb_room_type_tag-calme mphb_room_type_tag-campagne mphb_room_type_tag-court-sejour mphb_room_type_tag-deux-chambres mphb_room_type_tag-gite-5-personnes mphb_room_type_tag-gite-de-groupe mphb_room_type_tag-location-familiale mphb_room_type_tag-location-vacances mphb_room_type_tag-occitanie mphb_room_type_tag-piscine-partagee mphb_room_type_tag-plain-pied mphb_room_type_tag-tarn-et-garonne mphb_room_type_tag-terrasse-privative mphb_room_type_facility-animaux-acceptes-gite-bievenue mphb_room_type_facility-cuisine-entierement-equipee-gite-autonomie mphb_room_type_facility-linge-maison-inclus-location mphb_room_type_facility-parking-gratuit mphb_room_type_facility-piscine-partagee-gite mphb_room_type_facility-terrasse-privee-barbecue-gite mphb_room_type_facility-wi-fi-gratuit-haut-debit-gite mphb-room-type-adults-5 mphb-room-type-children-4 \">\n\n\t\n\t\n\n\t<div class=\"mphb-room-type-images\">\n\t<div id='mphb-flexslider-gallery-1' class='gallery-columns-1 gallery-size-large mphb-gallery-main-slider mphb-flexslider-gallery-wrapper mphb-room-type-gallery-wrapper mphb-gallery-main-slider-69d5247b7bdc5' data-flexslider-atts='{\"animation\":\"slide\",\"controlNav\":false,\"animationLoop\":true,\"smoothHeight\":true,\"slideshow\":false}' data-group='69d5247b7bdc5'><ul class=\"slides\"><li class='gallery-item'><span class='gallery-icon portrait'>\n\t\t\t\t<a href=\"https:\/\/lesgitesdelamourebasse.fr\/index.php\/accommodation\/gite-lila\/\"><img loading=\"lazy\" decoding=\"async\" width=\"683\" height=\"1024\" src=\"https:\/\/lesgitesdelamourebasse.fr\/wp-content\/uploads\/2025\/11\/63ff5430-4620-4f39-9ffc-9586d8f8c576.png\" class=\"attachment-large size-large\" alt=\"G\u00eete Lila\" srcset=\"https:\/\/lesgitesdelamourebasse.fr\/wp-content\/uploads\/2025\/11\/63ff5430-4620-4f39-9ffc-9586d8f8c576.png 1024w, https:\/\/lesgitesdelamourebasse.fr\/wp-content\/uploads\/2025\/11\/63ff5430-4620-4f39-9ffc-9586d8f8c576-600x900.png 600w\" sizes=\"auto, (max-width: 683px) 100vw, 683px\" \/><\/a>\n\t\t\t<\/span><\/li><\/ul>\n\t\t<\/div>\n<div id='mphb-flexslider-gallery-2' class='gallery-columns-4 gallery-size-thumbnail mphb-gallery-thumbnail-slider mphb-flexslider-gallery-wrapper mphb-room-type-gallery-wrapper mphb-gallery-thumbnail-slider-69d5247b7bdc5' data-flexslider-atts='{\"animation\":\"slide\",\"controlNav\":false,\"animationLoop\":true,\"slideshow\":false,\"itemMargin\":5}' data-group='69d5247b7bdc5'><ul class=\"slides\"><li class='gallery-item'><span class='gallery-icon portrait'>\n\t\t\t\t<a href='https:\/\/lesgitesdelamourebasse.fr\/index.php\/accommodation\/gite-lila\/63ff5430-4620-4f39-9ffc-9586d8f8c576-2\/'><img loading=\"lazy\" decoding=\"async\" width=\"100\" height=\"150\" src=\"https:\/\/lesgitesdelamourebasse.fr\/wp-content\/uploads\/2025\/11\/63ff5430-4620-4f39-9ffc-9586d8f8c576.png\" class=\"attachment-thumbnail size-thumbnail\" alt=\"G\u00eete Lila\" srcset=\"https:\/\/lesgitesdelamourebasse.fr\/wp-content\/uploads\/2025\/11\/63ff5430-4620-4f39-9ffc-9586d8f8c576.png 1024w, https:\/\/lesgitesdelamourebasse.fr\/wp-content\/uploads\/2025\/11\/63ff5430-4620-4f39-9ffc-9586d8f8c576-600x900.png 600w\" sizes=\"auto, (max-width: 100px) 100vw, 100px\" \/><\/a>\n\t\t\t<\/span><\/li><\/ul>\n\t\t<\/div>\n\n\t<\/div>\n\t\n<h2 class=\"mphb-room-type-title entry-title\">\n\n<a class=\"mphb-room-type-title\" href=\"https:\/\/lesgitesdelamourebasse.fr\/index.php\/accommodation\/gite-lila\/\">G\u00eete Lila<\/a>\n\n<\/h2>\n\n<p>Imaginez que vous arrivez, les cl\u00e9s tournent, et vous entendez imm\u00e9diatement le calme. C&rsquo;est ainsi que vous commencez votre s\u00e9jour au G\u00eete Lila. Un refuge de charme con\u00e7u pour les [&hellip;]<\/p>\n\n\n<h3 class=\"mphb-room-type-details-title\">D\u00e9tails<\/h3><ul class=\"mphb-loop-room-type-attributes\">\n\t<li class=\"mphb-room-type-total-capacity\"><span class=\"mphb-attribute-title mphb-total-capacity-title\">Invit\u00e9s:<\/span><span class=\"mphb-attribute-value\">\n\t5\n\t<\/span><\/li>\t\n\n\n\n\t<li class=\"mphb-room-type-facilities\"><span class=\"mphb-attribute-title mphb-facilities-title\">\u00c9quipements :<\/span><span class=\"mphb-attribute-value\"> <span class=\"facility-animaux-acceptes-gite-bievenue\"><a href=\"https:\/\/lesgitesdelamourebasse.fr\/index.php\/accommodation-facility\/animaux-acceptes-gite-bievenue\/\">Animaux bienvenus<\/a><\/span>, <span class=\"facility-cuisine-entierement-equipee-gite-autonomie\"><a href=\"https:\/\/lesgitesdelamourebasse.fr\/index.php\/accommodation-facility\/cuisine-entierement-equipee-gite-autonomie\/\">Cuisine enti\u00e8rement \u00e9quip\u00e9e<\/a><\/span>, <span class=\"facility-linge-maison-inclus-location\"><a href=\"https:\/\/lesgitesdelamourebasse.fr\/index.php\/accommodation-facility\/linge-maison-inclus-location\/\">Linge de maison fourni<\/a><\/span>, <span class=\"facility-parking-gratuit\"><a href=\"https:\/\/lesgitesdelamourebasse.fr\/index.php\/accommodation-facility\/parking-gratuit\/\">Parking gratuit<\/a><\/span>, <span class=\"facility-piscine-partagee-gite\"><a href=\"https:\/\/lesgitesdelamourebasse.fr\/index.php\/accommodation-facility\/piscine-partagee-gite\/\">Piscine partag\u00e9e<\/a><\/span>, <span class=\"facility-terrasse-privee-barbecue-gite\"><a href=\"https:\/\/lesgitesdelamourebasse.fr\/index.php\/accommodation-facility\/terrasse-privee-barbecue-gite\/\">Terrasse privative<\/a><\/span>, <span class=\"facility-wi-fi-gratuit-haut-debit-gite\"><a href=\"https:\/\/lesgitesdelamourebasse.fr\/index.php\/accommodation-facility\/wi-fi-gratuit-haut-debit-gite\/\">Wi-Fi gratuit<\/a><\/span><\/span><\/li>\n\t\n\n\n\t<li class=\"mphb-room-type-view\"><span class=\"mphb-attribute-title mphb-view-title\">Vue :<\/span><span class=\"mphb-attribute-value\">\n\tG\u00eete plain-pied, piscine partag\u00e9e, terrasse privative, proche Lauzerte\n\t<\/span><\/li>\n\t\n\n\n\t<li class=\"mphb-room-type-size\"><span class=\"mphb-attribute-title mphb-size-title\">Taille :<\/span><span class=\"mphb-attribute-value\">\n\t70m\u00b2\n\t<\/span><\/li>\n\t\n\n\t<li class=\"mphb-room-type-bed-type\"><span  class=\"mphb-attribute-title mphb-bed-type-title\">Type de lit :<\/span><span class=\"mphb-attribute-value\">\n\t1 lit double 140 x 190 cm ; 3 lits simple 9 x 190 cm\n\t<\/span><\/li>\n\t\n\n<\/ul>\n\n<p class=\"mphb-view-details-button-wrapper\">\n<a class=\"button mphb-view-details-button\" href=\"https:\/\/lesgitesdelamourebasse.fr\/index.php\/accommodation\/gite-lila\/\" >Voir les d\u00e9tails<\/a>\n<\/p>\n<div class=\"mphb-to-book-btn-wrapper\">\n<form action=\"https:\/\/lesgitesdelamourebasse.fr\/index.php\/accommodation\/gite-lila\/#booking-form-363\" method=\"get\" ><button type=\"submit\" class=\"button mphb-book-button\" >R\u00e9server<\/button><\/form>\n<br\/><\/div>\n\t\n<\/div>\n<\/div>\n","protected":false},"excerpt":{"rendered":"","protected":false},"author":1,"featured_media":0,"parent":0,"menu_order":0,"comment_status":"closed","ping_status":"closed","template":"","meta":{"zakra_page_container_layout":"customizer","zakra_page_sidebar_layout":"customizer","zakra_remove_content_margin":false,"zakra_sidebar":"customizer","zakra_transparent_header":"customizer","zakra_logo":0,"zakra_main_header_style":"default","zakra_menu_item_color":"","zakra_menu_item_hover_color":"","zakra_menu_item_active_color":"","zakra_menu_active_style":"","zakra_page_header":true,"_price":"","_stock":"","_tribe_ticket_header":"","_tribe_default_ticket_provider":"","_tribe_ticket_capacity":"0","_ticket_start_date":"","_ticket_end_date":"","_tribe_ticket_show_description":"","_tribe_ticket_show_not_going":false,"_tribe_ticket_use_global_stock":"","_tribe_ticket_global_stock_level":"","_global_stock_mode":"","_global_stock_cap":"","_tribe_rsvp_for_event":"","_tribe_ticket_going_count":"","_tribe_ticket_not_going_count":"","_tribe_tickets_list":"[]","_tribe_ticket_has_attendee_info_fields":false,"footnotes":"","_tec_slr_enabled":"","_tec_slr_layout":""},"class_list":["post-266","page","type-page","status-publish","hentry"],"yoast_head":"<!-- This site is optimized with the Yoast SEO plugin v27.3 - https:\/\/yoast.com\/product\/yoast-seo-wordpress\/ -->\n<title>Accommodations -<\/title>\n<meta name=\"robots\" content=\"index, follow, max-snippet:-1, max-image-preview:large, max-video-preview:-1\" \/>\n<link rel=\"canonical\" href=\"https:\/\/lesgitesdelamourebasse.fr\/index.php\/accommodations\/\" \/>\n<meta property=\"og:locale\" content=\"fr_FR\" \/>\n<meta property=\"og:type\" content=\"article\" \/>\n<meta property=\"og:title\" content=\"Accommodations -\" \/>\n<meta property=\"og:url\" content=\"https:\/\/lesgitesdelamourebasse.fr\/index.php\/accommodations\/\" \/>\n<meta name=\"twitter:card\" content=\"summary_large_image\" \/>\n<script type=\"application\/ld+json\" class=\"yoast-schema-graph\">{\"@context\":\"https:\\\/\\\/schema.org\",\"@graph\":[{\"@type\":\"WebPage\",\"@id\":\"https:\\\/\\\/lesgitesdelamourebasse.fr\\\/index.php\\\/accommodations\\\/\",\"url\":\"https:\\\/\\\/lesgitesdelamourebasse.fr\\\/index.php\\\/accommodations\\\/\",\"name\":\"Accommodations -\",\"isPartOf\":{\"@id\":\"https:\\\/\\\/lesgitesdelamourebasse.fr\\\/#website\"},\"datePublished\":\"2025-10-13T15:43:34+00:00\",\"breadcrumb\":{\"@id\":\"https:\\\/\\\/lesgitesdelamourebasse.fr\\\/index.php\\\/accommodations\\\/#breadcrumb\"},\"inLanguage\":\"fr-FR\",\"potentialAction\":[{\"@type\":\"ReadAction\",\"target\":[\"https:\\\/\\\/lesgitesdelamourebasse.fr\\\/index.php\\\/accommodations\\\/\"]}]},{\"@type\":\"BreadcrumbList\",\"@id\":\"https:\\\/\\\/lesgitesdelamourebasse.fr\\\/index.php\\\/accommodations\\\/#breadcrumb\",\"itemListElement\":[{\"@type\":\"ListItem\",\"position\":1,\"name\":\"Accueil\",\"item\":\"https:\\\/\\\/lesgitesdelamourebasse.fr\\\/\"},{\"@type\":\"ListItem\",\"position\":2,\"name\":\"Accommodations\"}]},{\"@type\":\"WebSite\",\"@id\":\"https:\\\/\\\/lesgitesdelamourebasse.fr\\\/#website\",\"url\":\"https:\\\/\\\/lesgitesdelamourebasse.fr\\\/\",\"name\":\"\",\"description\":\"\",\"potentialAction\":[{\"@type\":\"SearchAction\",\"target\":{\"@type\":\"EntryPoint\",\"urlTemplate\":\"https:\\\/\\\/lesgitesdelamourebasse.fr\\\/?s={search_term_string}\"},\"query-input\":{\"@type\":\"PropertyValueSpecification\",\"valueRequired\":true,\"valueName\":\"search_term_string\"}}],\"inLanguage\":\"fr-FR\"}]}<\/script>\n<!-- \/ Yoast SEO plugin. -->","yoast_head_json":{"title":"Accommodations -","robots":{"index":"index","follow":"follow","max-snippet":"max-snippet:-1","max-image-preview":"max-image-preview:large","max-video-preview":"max-video-preview:-1"},"canonical":"https:\/\/lesgitesdelamourebasse.fr\/index.php\/accommodations\/","og_locale":"fr_FR","og_type":"article","og_title":"Accommodations -","og_url":"https:\/\/lesgitesdelamourebasse.fr\/index.php\/accommodations\/","twitter_card":"summary_large_image","schema":{"@context":"https:\/\/schema.org","@graph":[{"@type":"WebPage","@id":"https:\/\/lesgitesdelamourebasse.fr\/index.php\/accommodations\/","url":"https:\/\/lesgitesdelamourebasse.fr\/index.php\/accommodations\/","name":"Accommodations -","isPartOf":{"@id":"https:\/\/lesgitesdelamourebasse.fr\/#website"},"datePublished":"2025-10-13T15:43:34+00:00","breadcrumb":{"@id":"https:\/\/lesgitesdelamourebasse.fr\/index.php\/accommodations\/#breadcrumb"},"inLanguage":"fr-FR","potentialAction":[{"@type":"ReadAction","target":["https:\/\/lesgitesdelamourebasse.fr\/index.php\/accommodations\/"]}]},{"@type":"BreadcrumbList","@id":"https:\/\/lesgitesdelamourebasse.fr\/index.php\/accommodations\/#breadcrumb","itemListElement":[{"@type":"ListItem","position":1,"name":"Accueil","item":"https:\/\/lesgitesdelamourebasse.fr\/"},{"@type":"ListItem","position":2,"name":"Accommodations"}]},{"@type":"WebSite","@id":"https:\/\/lesgitesdelamourebasse.fr\/#website","url":"https:\/\/lesgitesdelamourebasse.fr\/","name":"","description":"","potentialAction":[{"@type":"SearchAction","target":{"@type":"EntryPoint","urlTemplate":"https:\/\/lesgitesdelamourebasse.fr\/?s={search_term_string}"},"query-input":{"@type":"PropertyValueSpecification","valueRequired":true,"valueName":"search_term_string"}}],"inLanguage":"fr-FR"}]}},"jetpack_sharing_enabled":true,"ticketed":false,"_links":{"self":[{"href":"https:\/\/lesgitesdelamourebasse.fr\/index.php\/wp-json\/wp\/v2\/pages\/266","targetHints":{"allow":["GET"]}}],"collection":[{"href":"https:\/\/lesgitesdelamourebasse.fr\/index.php\/wp-json\/wp\/v2\/pages"}],"about":[{"href":"https:\/\/lesgitesdelamourebasse.fr\/index.php\/wp-json\/wp\/v2\/types\/page"}],"author":[{"embeddable":true,"href":"https:\/\/lesgitesdelamourebasse.fr\/index.php\/wp-json\/wp\/v2\/users\/1"}],"replies":[{"embeddable":true,"href":"https:\/\/lesgitesdelamourebasse.fr\/index.php\/wp-json\/wp\/v2\/comments?post=266"}],"version-history":[{"count":0,"href":"https:\/\/lesgitesdelamourebasse.fr\/index.php\/wp-json\/wp\/v2\/pages\/266\/revisions"}],"wp:attachment":[{"href":"https:\/\/lesgitesdelamourebasse.fr\/index.php\/wp-json\/wp\/v2\/media?parent=266"}],"curies":[{"name":"wp","href":"https:\/\/api.w.org\/{rel}","templated":true}]}}