{"id":189,"date":"2025-10-05T17:56:29","date_gmt":"2025-10-05T15:56:29","guid":{"rendered":"https:\/\/lesgitesdelamourebasse.fr\/?page_id=189"},"modified":"2025-11-25T20:48:36","modified_gmt":"2025-11-25T19:48:36","slug":"domaine-la-moure-basse","status":"publish","type":"page","link":"https:\/\/lesgitesdelamourebasse.fr\/index.php\/domaine-la-moure-basse\/","title":{"rendered":"Le domaine"},"content":{"rendered":"\n<p class=\"has-text-align-center has-medium-font-size\"><strong>\u00ab\u00a0Un lieu charg\u00e9 d&rsquo;histoire, berc\u00e9 par la nature et fa\u00e7onn\u00e9 avec amour.\u00a0\u00bb<\/strong><\/p>\n\n\n\n<figure class=\"wp-block-image size-full\"><img loading=\"lazy\" decoding=\"async\" width=\"1024\" height=\"575\" src=\"https:\/\/lesgitesdelamourebasse.fr\/wp-content\/uploads\/2025\/10\/10110555.jpg\" alt=\"\" class=\"wp-image-190\" srcset=\"https:\/\/lesgitesdelamourebasse.fr\/wp-content\/uploads\/2025\/10\/10110555.jpg 1024w, https:\/\/lesgitesdelamourebasse.fr\/wp-content\/uploads\/2025\/10\/10110555-600x337.jpg 600w, https:\/\/lesgitesdelamourebasse.fr\/wp-content\/uploads\/2025\/10\/10110555-300x168.jpg 300w, https:\/\/lesgitesdelamourebasse.fr\/wp-content\/uploads\/2025\/10\/10110555-768x431.jpg 768w\" sizes=\"auto, (max-width: 1024px) 100vw, 1024px\" \/><\/figure>\n\n\n\n<div style=\"height:100px\" aria-hidden=\"true\" class=\"wp-block-spacer\"><\/div>\n\n\n\n<h2 class=\"wp-block-heading has-text-align-center has-background has-x-large-font-size\" style=\"background-color:#4f602c\"><mark style=\"background-color:rgba(0, 0, 0, 0);color:#d2bd9f\" class=\"has-inline-color\">L&rsquo;esprit du lieu<\/mark><\/h2>\n\n\n\n<p>Nich\u00e9e au c\u0153ur du Tarn-et-Garonne, La Moure Basse est bien plus qu&rsquo;un ensemble de g\u00eetes: c&rsquo;est un v\u00e9ritable havre de paix o\u00f9 le temps semble suspendu.<\/p>\n\n\n\n<p>Autrefois ferme familiale, le domaine retrouve peu \u00e0 peu son \u00e2me gr\u00e2ce \u00e0 une r\u00e9novation respectueuse, mariant authenticit\u00e9 et douceur de s\u00e9r\u00e9nit\u00e9.<\/p>\n\n\n\n<div style=\"height:100px\" aria-hidden=\"true\" class=\"wp-block-spacer\"><\/div>\n\n\n\n<h2 class=\"wp-block-heading has-text-align-center has-background has-x-large-font-size\" style=\"background-color:#4f602c\"><mark style=\"background-color:rgba(0, 0, 0, 0);color:#d2bd9f\" class=\"has-inline-color\">Les g\u00eetes et leurs alentours<\/mark><\/h2>\n\n\n\n<p>Les trois g\u00eetes en pierre, actuellement en r\u00e9novation, accueilleront \u00e0 partir de l&rsquo;\u00e9t\u00e9  des visiteurs en qu\u00eate de calme, de nature et de simplicit\u00e9.<\/p>\n\n\n\n<p> Autour d&rsquo;eux s&rsquo;\u00e9tendent 17 hectares de nature pr\u00e9serv\u00e9e : for\u00eat, clairi\u00e8res, verger, jardin d&rsquo;herbes aromatiques, potager familial et haies fleuries &#8230;<\/p>\n\n\n\n<p>Un lieu vivant, pens\u00e9 pour respirer, observer et se reconnecter \u00e0 l&rsquo;essentiel.<\/p>\n\n\n\n<div class=\"wp-block-columns is-layout-flex wp-container-core-columns-is-layout-28f84493 wp-block-columns-is-layout-flex\">\n<div class=\"wp-block-column is-layout-flow wp-block-column-is-layout-flow\">\n<figure class=\"wp-block-image size-large\"><img loading=\"lazy\" decoding=\"async\" width=\"768\" height=\"1024\" src=\"https:\/\/lesgitesdelamourebasse.fr\/wp-content\/uploads\/2025\/10\/20250720_173820-768x1024.jpg\" alt=\"\" class=\"wp-image-191\" srcset=\"https:\/\/lesgitesdelamourebasse.fr\/wp-content\/uploads\/2025\/10\/20250720_173820-768x1024.jpg 768w, https:\/\/lesgitesdelamourebasse.fr\/wp-content\/uploads\/2025\/10\/20250720_173820-scaled-600x800.jpg 600w, https:\/\/lesgitesdelamourebasse.fr\/wp-content\/uploads\/2025\/10\/20250720_173820-225x300.jpg 225w, https:\/\/lesgitesdelamourebasse.fr\/wp-content\/uploads\/2025\/10\/20250720_173820-1152x1536.jpg 1152w, https:\/\/lesgitesdelamourebasse.fr\/wp-content\/uploads\/2025\/10\/20250720_173820-1536x2048.jpg 1536w, https:\/\/lesgitesdelamourebasse.fr\/wp-content\/uploads\/2025\/10\/20250720_173820-scaled.jpg 1920w\" sizes=\"auto, (max-width: 768px) 100vw, 768px\" \/><\/figure>\n<\/div>\n\n\n\n<div class=\"wp-block-column is-layout-flow wp-block-column-is-layout-flow\">\n<figure class=\"wp-block-image size-large\"><img decoding=\"async\" src=\"https:\/\/lesgitesdelamourebasse.fr\/wp-content\/uploads\/2025\/10\/20250731_103900-768x1024.jpg\" alt=\"\" class=\"wp-image-192\"\/><\/figure>\n<\/div>\n<\/div>\n\n\n\n<div style=\"height:100px\" aria-hidden=\"true\" class=\"wp-block-spacer\"><\/div>\n\n\n\n<h2 class=\"wp-block-heading has-text-align-center has-background has-x-large-font-size\" style=\"background-color:#4f602c\"><mark style=\"background-color:rgba(0, 0, 0, 0);color:#d2bd9f\" class=\"has-inline-color\">La nature comme alli\u00e9e<\/mark><\/h2>\n\n\n\n<p>A La Moure Basse, la nature n&rsquo;est pas un d\u00e9cor, c&rsquo;est une pr\u00e9sence.<\/p>\n\n\n\n<p>Nous avons choisi de pr\u00e9server la biodiversit\u00e9 : h\u00f4tels \u00e0 insectes, haies champ\u00eatres, ruches, zones de refuge pour les oiseaux et les h\u00e9rissons.<\/p>\n\n\n\n<p>Nos plantations sont locales, adapt\u00e9es au sol calcaire et au climat du Quercy, pour offrir un cadre \u00e0 la fois beau et durable.<\/p>\n\n\n\n<div class=\"wp-block-columns is-layout-flex wp-container-core-columns-is-layout-28f84493 wp-block-columns-is-layout-flex\">\n<div class=\"wp-block-column is-layout-flow wp-block-column-is-layout-flow\">\n<figure class=\"wp-block-image size-large\"><img loading=\"lazy\" decoding=\"async\" width=\"1024\" height=\"768\" src=\"https:\/\/lesgitesdelamourebasse.fr\/wp-content\/uploads\/2025\/10\/20251005_160435-1024x768.jpg\" alt=\"\" class=\"wp-image-193\" style=\"aspect-ratio:3\/4;object-fit:cover\" srcset=\"https:\/\/lesgitesdelamourebasse.fr\/wp-content\/uploads\/2025\/10\/20251005_160435-1024x768.jpg 1024w, https:\/\/lesgitesdelamourebasse.fr\/wp-content\/uploads\/2025\/10\/20251005_160435-scaled-600x450.jpg 600w, https:\/\/lesgitesdelamourebasse.fr\/wp-content\/uploads\/2025\/10\/20251005_160435-300x225.jpg 300w, https:\/\/lesgitesdelamourebasse.fr\/wp-content\/uploads\/2025\/10\/20251005_160435-768x576.jpg 768w, https:\/\/lesgitesdelamourebasse.fr\/wp-content\/uploads\/2025\/10\/20251005_160435-1536x1152.jpg 1536w, https:\/\/lesgitesdelamourebasse.fr\/wp-content\/uploads\/2025\/10\/20251005_160435-2048x1536.jpg 2048w\" sizes=\"auto, (max-width: 1024px) 100vw, 1024px\" \/><\/figure>\n<\/div>\n\n\n\n<div class=\"wp-block-column is-layout-flow wp-block-column-is-layout-flow\">\n<figure class=\"wp-block-image size-full\"><img loading=\"lazy\" decoding=\"async\" width=\"2560\" height=\"1920\" src=\"https:\/\/lesgitesdelamourebasse.fr\/wp-content\/uploads\/2025\/10\/20251005_154733-scaled.jpg\" alt=\"\" class=\"wp-image-194\" style=\"aspect-ratio:3\/4;object-fit:cover\" srcset=\"https:\/\/lesgitesdelamourebasse.fr\/wp-content\/uploads\/2025\/10\/20251005_154733-scaled.jpg 2560w, https:\/\/lesgitesdelamourebasse.fr\/wp-content\/uploads\/2025\/10\/20251005_154733-scaled-600x450.jpg 600w, https:\/\/lesgitesdelamourebasse.fr\/wp-content\/uploads\/2025\/10\/20251005_154733-300x225.jpg 300w\" sizes=\"auto, (max-width: 2560px) 100vw, 2560px\" \/><\/figure>\n<\/div>\n\n\n\n<div class=\"wp-block-column is-layout-flow wp-block-column-is-layout-flow\">\n<figure class=\"wp-block-image size-full\"><img loading=\"lazy\" decoding=\"async\" width=\"2560\" height=\"1920\" src=\"https:\/\/lesgitesdelamourebasse.fr\/wp-content\/uploads\/2025\/10\/20251005_155136-scaled.jpg\" alt=\"\" class=\"wp-image-195\" style=\"aspect-ratio:3\/4;object-fit:cover\" srcset=\"https:\/\/lesgitesdelamourebasse.fr\/wp-content\/uploads\/2025\/10\/20251005_155136-scaled.jpg 2560w, https:\/\/lesgitesdelamourebasse.fr\/wp-content\/uploads\/2025\/10\/20251005_155136-scaled-600x450.jpg 600w, https:\/\/lesgitesdelamourebasse.fr\/wp-content\/uploads\/2025\/10\/20251005_155136-300x225.jpg 300w\" sizes=\"auto, (max-width: 2560px) 100vw, 2560px\" \/><\/figure>\n<\/div>\n<\/div>\n\n\n\n<div style=\"height:100px\" aria-hidden=\"true\" class=\"wp-block-spacer\"><\/div>\n\n\n\n<h2 class=\"wp-block-heading has-text-align-center has-background has-x-large-font-size\" style=\"background-color:#4f602c\"><mark style=\"background-color:rgba(0, 0, 0, 0);color:#d2bd9f\" class=\"has-inline-color\">Les espaces de vie<\/mark><\/h2>\n\n\n\n<div class=\"wp-block-columns is-layout-flex wp-container-core-columns-is-layout-28f84493 wp-block-columns-is-layout-flex\">\n<div class=\"wp-block-column is-layout-flow wp-block-column-is-layout-flow\" style=\"flex-basis:33.33%\">\n<figure class=\"wp-block-image size-large\"><img loading=\"lazy\" decoding=\"async\" width=\"1024\" height=\"768\" src=\"https:\/\/lesgitesdelamourebasse.fr\/wp-content\/uploads\/2025\/10\/20251005_153532-1024x768.jpg\" alt=\"\" class=\"wp-image-198\" style=\"aspect-ratio:3\/4;object-fit:cover\" srcset=\"https:\/\/lesgitesdelamourebasse.fr\/wp-content\/uploads\/2025\/10\/20251005_153532-1024x768.jpg 1024w, https:\/\/lesgitesdelamourebasse.fr\/wp-content\/uploads\/2025\/10\/20251005_153532-scaled-600x450.jpg 600w, https:\/\/lesgitesdelamourebasse.fr\/wp-content\/uploads\/2025\/10\/20251005_153532-300x225.jpg 300w, https:\/\/lesgitesdelamourebasse.fr\/wp-content\/uploads\/2025\/10\/20251005_153532-768x576.jpg 768w, https:\/\/lesgitesdelamourebasse.fr\/wp-content\/uploads\/2025\/10\/20251005_153532-1536x1152.jpg 1536w, https:\/\/lesgitesdelamourebasse.fr\/wp-content\/uploads\/2025\/10\/20251005_153532-2048x1536.jpg 2048w\" sizes=\"auto, (max-width: 1024px) 100vw, 1024px\" \/><\/figure>\n<\/div>\n\n\n\n<div class=\"wp-block-column is-layout-flow wp-block-column-is-layout-flow\" style=\"flex-basis:66.66%\">\n<p>La piscine partag\u00e9e invite \u00e0 la d\u00e9tente, tandis que les terrasses priv\u00e9es offrent un coin paisible pour chaque h\u00f4te.<\/p>\n\n\n\n<p>Des coins lecture sous les arbres, des tables de pique-nique \u00e0 l&rsquo;ombre et un espace loisirs avec jeux en bois compl\u00e8tent l&rsquo;exp\u00e9rience.<\/p>\n\n\n\n<p>Chaque d\u00e9tail a \u00e9t\u00e9 pens\u00e9 pour que l&rsquo;on s&rsquo;y sente bien, tout simplement.<\/p>\n<\/div>\n<\/div>\n\n\n\n<div style=\"height:100px\" aria-hidden=\"true\" class=\"wp-block-spacer\"><\/div>\n\n\n\n<h2 class=\"wp-block-heading has-text-align-center has-background has-x-large-font-size\" style=\"background-color:#4f602c\"><mark style=\"background-color:rgba(0, 0, 0, 0);color:#d2bd9f\" class=\"has-inline-color\">Une aventure familiale<\/mark><\/h2>\n\n\n\n<p>Derri\u00e8re La Moure Basse, il y a une famille : Priscilla, Guillaume, Romane et Tristan.<\/p>\n\n\n\n<p>Ensemble, nous redonnons vie \u00e0 ce lieu avec passion.<\/p>\n\n\n\n<p>Notre r\u00eave ? Offrir \u00e0 nos visiteurs un refuge chaleureux, authentique et inspirant &#8211; un endroit o\u00f9 l&rsquo;on se sent \u00ab\u00a0chez soi\u00a0\u00bb, m\u00eame loin de chez soi.<\/p>\n\n\n\n<div class=\"wp-block-columns is-layout-flex wp-container-core-columns-is-layout-28f84493 wp-block-columns-is-layout-flex\">\n<div class=\"wp-block-column is-layout-flow wp-block-column-is-layout-flow\" style=\"flex-basis:25%\">\n<figure class=\"wp-block-image size-large\"><img loading=\"lazy\" decoding=\"async\" width=\"683\" height=\"1024\" src=\"https:\/\/lesgitesdelamourebasse.fr\/wp-content\/uploads\/2025\/10\/ChatGPT-Image-1-oct.-2025-09_59_47-1-683x1024.png\" alt=\"Priscilla\" class=\"wp-image-203\" srcset=\"https:\/\/lesgitesdelamourebasse.fr\/wp-content\/uploads\/2025\/10\/ChatGPT-Image-1-oct.-2025-09_59_47-1-683x1024.png 683w, https:\/\/lesgitesdelamourebasse.fr\/wp-content\/uploads\/2025\/10\/ChatGPT-Image-1-oct.-2025-09_59_47-1-600x900.png 600w, https:\/\/lesgitesdelamourebasse.fr\/wp-content\/uploads\/2025\/10\/ChatGPT-Image-1-oct.-2025-09_59_47-1-200x300.png 200w, https:\/\/lesgitesdelamourebasse.fr\/wp-content\/uploads\/2025\/10\/ChatGPT-Image-1-oct.-2025-09_59_47-1-768x1152.png 768w, https:\/\/lesgitesdelamourebasse.fr\/wp-content\/uploads\/2025\/10\/ChatGPT-Image-1-oct.-2025-09_59_47-1.png 1024w\" sizes=\"auto, (max-width: 683px) 100vw, 683px\" \/><\/figure>\n<\/div>\n\n\n\n<div class=\"wp-block-column is-layout-flow wp-block-column-is-layout-flow\" style=\"flex-basis:25%\">\n<figure class=\"wp-block-image size-large\"><img loading=\"lazy\" decoding=\"async\" width=\"683\" height=\"1024\" src=\"https:\/\/lesgitesdelamourebasse.fr\/wp-content\/uploads\/2025\/10\/ChatGPT-Image-1-oct.-2025-09_43_44-683x1024.png\" alt=\"Guillaume\" class=\"wp-image-201\" srcset=\"https:\/\/lesgitesdelamourebasse.fr\/wp-content\/uploads\/2025\/10\/ChatGPT-Image-1-oct.-2025-09_43_44-683x1024.png 683w, https:\/\/lesgitesdelamourebasse.fr\/wp-content\/uploads\/2025\/10\/ChatGPT-Image-1-oct.-2025-09_43_44-600x900.png 600w, https:\/\/lesgitesdelamourebasse.fr\/wp-content\/uploads\/2025\/10\/ChatGPT-Image-1-oct.-2025-09_43_44-200x300.png 200w, https:\/\/lesgitesdelamourebasse.fr\/wp-content\/uploads\/2025\/10\/ChatGPT-Image-1-oct.-2025-09_43_44-768x1152.png 768w, https:\/\/lesgitesdelamourebasse.fr\/wp-content\/uploads\/2025\/10\/ChatGPT-Image-1-oct.-2025-09_43_44.png 1024w\" sizes=\"auto, (max-width: 683px) 100vw, 683px\" \/><\/figure>\n<\/div>\n\n\n\n<div class=\"wp-block-column is-layout-flow wp-block-column-is-layout-flow\" style=\"flex-basis:25%\">\n<figure class=\"wp-block-image size-large\"><img decoding=\"async\" src=\"https:\/\/lesgitesdelamourebasse.fr\/wp-content\/uploads\/2025\/10\/ChatGPT-Image-1-oct.-2025-09_32_04-683x1024.png\" alt=\"Romane\" class=\"wp-image-199\"\/><\/figure>\n<\/div>\n\n\n\n<div class=\"wp-block-column is-layout-flow wp-block-column-is-layout-flow\" style=\"flex-basis:25%\">\n<figure class=\"wp-block-image size-large\"><img loading=\"lazy\" decoding=\"async\" width=\"683\" height=\"1024\" src=\"https:\/\/lesgitesdelamourebasse.fr\/wp-content\/uploads\/2025\/10\/ChatGPT-Image-1-oct.-2025-09_34_50-683x1024.png\" alt=\"Tristan\" class=\"wp-image-200\" srcset=\"https:\/\/lesgitesdelamourebasse.fr\/wp-content\/uploads\/2025\/10\/ChatGPT-Image-1-oct.-2025-09_34_50-683x1024.png 683w, https:\/\/lesgitesdelamourebasse.fr\/wp-content\/uploads\/2025\/10\/ChatGPT-Image-1-oct.-2025-09_34_50-600x900.png 600w, https:\/\/lesgitesdelamourebasse.fr\/wp-content\/uploads\/2025\/10\/ChatGPT-Image-1-oct.-2025-09_34_50-200x300.png 200w, https:\/\/lesgitesdelamourebasse.fr\/wp-content\/uploads\/2025\/10\/ChatGPT-Image-1-oct.-2025-09_34_50-768x1152.png 768w, https:\/\/lesgitesdelamourebasse.fr\/wp-content\/uploads\/2025\/10\/ChatGPT-Image-1-oct.-2025-09_34_50.png 1024w\" sizes=\"auto, (max-width: 683px) 100vw, 683px\" \/><\/figure>\n<\/div>\n<\/div>\n\n\n\n<div style=\"height:100px\" aria-hidden=\"true\" class=\"wp-block-spacer\"><\/div>\n\n\n\n<h2 class=\"wp-block-heading has-text-align-center has-background has-x-large-font-size\" style=\"background-color:#4f602c\"><mark style=\"background-color:rgba(0, 0, 0, 0);color:#d2bd9f\" class=\"has-inline-color\">Et demain &#8230;<\/mark><\/h2>\n\n\n\n<p>Les r\u00e9servations sont ouverte pour l&rsquo;\u00e9t\u00e9 2026, mais d\u00e9j\u00e0, La Moure Basse s&rsquo;anime :<\/p>\n\n\n\n<ul class=\"wp-block-list\">\n<li>des week-ends \u00e0 th\u00e8me,<\/li>\n\n\n\n<li>des retraites litt\u00e9raires, <\/li>\n\n\n\n<li>des ateliers cr\u00e9atifs et culinaires,<\/li>\n\n\n\n<li>des moments de partage sous les \u00e9toiles<\/li>\n<\/ul>\n\n\n\n<p>L&rsquo;aventure ne fait que commencer &#8230; et vous \u00eates les bienvenus pour la suivre.<\/p>\n\n\n\n<p><\/p>\n","protected":false},"excerpt":{"rendered":"<p>\u00ab\u00a0Un lieu charg\u00e9 d&rsquo;histoire, berc\u00e9 par la nature et fa\u00e7onn\u00e9 avec amour.\u00a0\u00bb L&rsquo;esprit du lieu Nich\u00e9e au c\u0153ur du Tarn-et-Garonne, La Moure Basse est bien plus qu&rsquo;un ensemble de g\u00eetes: [&hellip;]<\/p>\n","protected":false},"author":1,"featured_media":0,"parent":0,"menu_order":0,"comment_status":"closed","ping_status":"closed","template":"","meta":{"zakra_page_container_layout":"customizer","zakra_page_sidebar_layout":"customizer","zakra_remove_content_margin":false,"zakra_sidebar":"customizer","zakra_transparent_header":"customizer","zakra_logo":0,"zakra_main_header_style":"default","zakra_menu_item_color":"","zakra_menu_item_hover_color":"","zakra_menu_item_active_color":"","zakra_menu_active_style":"","zakra_page_header":true,"_price":"","_stock":"","_tribe_ticket_header":"","_tribe_default_ticket_provider":"","_tribe_ticket_capacity":"0","_ticket_start_date":"","_ticket_end_date":"","_tribe_ticket_show_description":"","_tribe_ticket_show_not_going":false,"_tribe_ticket_use_global_stock":"","_tribe_ticket_global_stock_level":"","_global_stock_mode":"","_global_stock_cap":"","_tribe_rsvp_for_event":"","_tribe_ticket_going_count":"","_tribe_ticket_not_going_count":"","_tribe_tickets_list":"[]","_tribe_ticket_has_attendee_info_fields":false,"footnotes":"","_tec_slr_enabled":"","_tec_slr_layout":""},"class_list":["post-189","page","type-page","status-publish","hentry"],"yoast_head":"<!-- This site is optimized with the Yoast SEO plugin v27.3 - https:\/\/yoast.com\/product\/yoast-seo-wordpress\/ -->\n<title>Le domaine - Quercy<\/title>\n<meta name=\"description\" content=\"D\u00e9couvrez La Moure Basse, un domaine en pierre au c\u0153ur du Quercy, entre nature pr\u00e9serv\u00e9e, authenticit\u00e9 et s\u00e9r\u00e9nit\u00e9. Ouverture pr\u00e9vue en 2026.\" \/>\n<meta name=\"robots\" content=\"index, follow, max-snippet:-1, max-image-preview:large, max-video-preview:-1\" \/>\n<link rel=\"canonical\" href=\"https:\/\/lesgitesdelamourebasse.fr\/index.php\/domaine-la-moure-basse\/\" \/>\n<meta property=\"og:locale\" content=\"fr_FR\" \/>\n<meta property=\"og:type\" content=\"article\" \/>\n<meta property=\"og:title\" content=\"Le domaine - Quercy\" \/>\n<meta property=\"og:description\" content=\"D\u00e9couvrez La Moure Basse, un domaine en pierre au c\u0153ur du Quercy, entre nature pr\u00e9serv\u00e9e, authenticit\u00e9 et s\u00e9r\u00e9nit\u00e9. Ouverture pr\u00e9vue en 2026.\" \/>\n<meta property=\"og:url\" content=\"https:\/\/lesgitesdelamourebasse.fr\/index.php\/domaine-la-moure-basse\/\" \/>\n<meta property=\"article:modified_time\" content=\"2025-11-25T19:48:36+00:00\" \/>\n<meta property=\"og:image\" content=\"https:\/\/lesgitesdelamourebasse.fr\/wp-content\/uploads\/2025\/10\/10110555.jpg\" \/>\n\t<meta property=\"og:image:width\" content=\"1024\" \/>\n\t<meta property=\"og:image:height\" content=\"575\" \/>\n\t<meta property=\"og:image:type\" content=\"image\/jpeg\" \/>\n<meta name=\"twitter:card\" content=\"summary_large_image\" \/>\n<meta name=\"twitter:label1\" content=\"Dur\u00e9e de lecture estim\u00e9e\" \/>\n\t<meta name=\"twitter:data1\" content=\"4 minutes\" \/>\n<script type=\"application\/ld+json\" class=\"yoast-schema-graph\">{\"@context\":\"https:\\\/\\\/schema.org\",\"@graph\":[{\"@type\":\"WebPage\",\"@id\":\"https:\\\/\\\/lesgitesdelamourebasse.fr\\\/index.php\\\/domaine-la-moure-basse\\\/\",\"url\":\"https:\\\/\\\/lesgitesdelamourebasse.fr\\\/index.php\\\/domaine-la-moure-basse\\\/\",\"name\":\"Le domaine - Quercy\",\"isPartOf\":{\"@id\":\"https:\\\/\\\/lesgitesdelamourebasse.fr\\\/#website\"},\"primaryImageOfPage\":{\"@id\":\"https:\\\/\\\/lesgitesdelamourebasse.fr\\\/index.php\\\/domaine-la-moure-basse\\\/#primaryimage\"},\"image\":{\"@id\":\"https:\\\/\\\/lesgitesdelamourebasse.fr\\\/index.php\\\/domaine-la-moure-basse\\\/#primaryimage\"},\"thumbnailUrl\":\"https:\\\/\\\/lesgitesdelamourebasse.fr\\\/wp-content\\\/uploads\\\/2025\\\/10\\\/10110555.jpg\",\"datePublished\":\"2025-10-05T15:56:29+00:00\",\"dateModified\":\"2025-11-25T19:48:36+00:00\",\"description\":\"D\u00e9couvrez La Moure Basse, un domaine en pierre au c\u0153ur du Quercy, entre nature pr\u00e9serv\u00e9e, authenticit\u00e9 et s\u00e9r\u00e9nit\u00e9. Ouverture pr\u00e9vue en 2026.\",\"breadcrumb\":{\"@id\":\"https:\\\/\\\/lesgitesdelamourebasse.fr\\\/index.php\\\/domaine-la-moure-basse\\\/#breadcrumb\"},\"inLanguage\":\"fr-FR\",\"potentialAction\":[{\"@type\":\"ReadAction\",\"target\":[\"https:\\\/\\\/lesgitesdelamourebasse.fr\\\/index.php\\\/domaine-la-moure-basse\\\/\"]}]},{\"@type\":\"ImageObject\",\"inLanguage\":\"fr-FR\",\"@id\":\"https:\\\/\\\/lesgitesdelamourebasse.fr\\\/index.php\\\/domaine-la-moure-basse\\\/#primaryimage\",\"url\":\"https:\\\/\\\/lesgitesdelamourebasse.fr\\\/wp-content\\\/uploads\\\/2025\\\/10\\\/10110555.jpg\",\"contentUrl\":\"https:\\\/\\\/lesgitesdelamourebasse.fr\\\/wp-content\\\/uploads\\\/2025\\\/10\\\/10110555.jpg\",\"width\":1024,\"height\":575},{\"@type\":\"BreadcrumbList\",\"@id\":\"https:\\\/\\\/lesgitesdelamourebasse.fr\\\/index.php\\\/domaine-la-moure-basse\\\/#breadcrumb\",\"itemListElement\":[{\"@type\":\"ListItem\",\"position\":1,\"name\":\"Accueil\",\"item\":\"https:\\\/\\\/lesgitesdelamourebasse.fr\\\/\"},{\"@type\":\"ListItem\",\"position\":2,\"name\":\"Le domaine\"}]},{\"@type\":\"WebSite\",\"@id\":\"https:\\\/\\\/lesgitesdelamourebasse.fr\\\/#website\",\"url\":\"https:\\\/\\\/lesgitesdelamourebasse.fr\\\/\",\"name\":\"\",\"description\":\"\",\"potentialAction\":[{\"@type\":\"SearchAction\",\"target\":{\"@type\":\"EntryPoint\",\"urlTemplate\":\"https:\\\/\\\/lesgitesdelamourebasse.fr\\\/?s={search_term_string}\"},\"query-input\":{\"@type\":\"PropertyValueSpecification\",\"valueRequired\":true,\"valueName\":\"search_term_string\"}}],\"inLanguage\":\"fr-FR\"}]}<\/script>\n<!-- \/ Yoast SEO plugin. -->","yoast_head_json":{"title":"Le domaine - Quercy","description":"D\u00e9couvrez La Moure Basse, un domaine en pierre au c\u0153ur du Quercy, entre nature pr\u00e9serv\u00e9e, authenticit\u00e9 et s\u00e9r\u00e9nit\u00e9. Ouverture pr\u00e9vue en 2026.","robots":{"index":"index","follow":"follow","max-snippet":"max-snippet:-1","max-image-preview":"max-image-preview:large","max-video-preview":"max-video-preview:-1"},"canonical":"https:\/\/lesgitesdelamourebasse.fr\/index.php\/domaine-la-moure-basse\/","og_locale":"fr_FR","og_type":"article","og_title":"Le domaine - Quercy","og_description":"D\u00e9couvrez La Moure Basse, un domaine en pierre au c\u0153ur du Quercy, entre nature pr\u00e9serv\u00e9e, authenticit\u00e9 et s\u00e9r\u00e9nit\u00e9. Ouverture pr\u00e9vue en 2026.","og_url":"https:\/\/lesgitesdelamourebasse.fr\/index.php\/domaine-la-moure-basse\/","article_modified_time":"2025-11-25T19:48:36+00:00","og_image":[{"width":1024,"height":575,"url":"https:\/\/lesgitesdelamourebasse.fr\/wp-content\/uploads\/2025\/10\/10110555.jpg","type":"image\/jpeg"}],"twitter_card":"summary_large_image","twitter_misc":{"Dur\u00e9e de lecture estim\u00e9e":"4 minutes"},"schema":{"@context":"https:\/\/schema.org","@graph":[{"@type":"WebPage","@id":"https:\/\/lesgitesdelamourebasse.fr\/index.php\/domaine-la-moure-basse\/","url":"https:\/\/lesgitesdelamourebasse.fr\/index.php\/domaine-la-moure-basse\/","name":"Le domaine - Quercy","isPartOf":{"@id":"https:\/\/lesgitesdelamourebasse.fr\/#website"},"primaryImageOfPage":{"@id":"https:\/\/lesgitesdelamourebasse.fr\/index.php\/domaine-la-moure-basse\/#primaryimage"},"image":{"@id":"https:\/\/lesgitesdelamourebasse.fr\/index.php\/domaine-la-moure-basse\/#primaryimage"},"thumbnailUrl":"https:\/\/lesgitesdelamourebasse.fr\/wp-content\/uploads\/2025\/10\/10110555.jpg","datePublished":"2025-10-05T15:56:29+00:00","dateModified":"2025-11-25T19:48:36+00:00","description":"D\u00e9couvrez La Moure Basse, un domaine en pierre au c\u0153ur du Quercy, entre nature pr\u00e9serv\u00e9e, authenticit\u00e9 et s\u00e9r\u00e9nit\u00e9. Ouverture pr\u00e9vue en 2026.","breadcrumb":{"@id":"https:\/\/lesgitesdelamourebasse.fr\/index.php\/domaine-la-moure-basse\/#breadcrumb"},"inLanguage":"fr-FR","potentialAction":[{"@type":"ReadAction","target":["https:\/\/lesgitesdelamourebasse.fr\/index.php\/domaine-la-moure-basse\/"]}]},{"@type":"ImageObject","inLanguage":"fr-FR","@id":"https:\/\/lesgitesdelamourebasse.fr\/index.php\/domaine-la-moure-basse\/#primaryimage","url":"https:\/\/lesgitesdelamourebasse.fr\/wp-content\/uploads\/2025\/10\/10110555.jpg","contentUrl":"https:\/\/lesgitesdelamourebasse.fr\/wp-content\/uploads\/2025\/10\/10110555.jpg","width":1024,"height":575},{"@type":"BreadcrumbList","@id":"https:\/\/lesgitesdelamourebasse.fr\/index.php\/domaine-la-moure-basse\/#breadcrumb","itemListElement":[{"@type":"ListItem","position":1,"name":"Accueil","item":"https:\/\/lesgitesdelamourebasse.fr\/"},{"@type":"ListItem","position":2,"name":"Le domaine"}]},{"@type":"WebSite","@id":"https:\/\/lesgitesdelamourebasse.fr\/#website","url":"https:\/\/lesgitesdelamourebasse.fr\/","name":"","description":"","potentialAction":[{"@type":"SearchAction","target":{"@type":"EntryPoint","urlTemplate":"https:\/\/lesgitesdelamourebasse.fr\/?s={search_term_string}"},"query-input":{"@type":"PropertyValueSpecification","valueRequired":true,"valueName":"search_term_string"}}],"inLanguage":"fr-FR"}]}},"jetpack_sharing_enabled":true,"ticketed":false,"_links":{"self":[{"href":"https:\/\/lesgitesdelamourebasse.fr\/index.php\/wp-json\/wp\/v2\/pages\/189","targetHints":{"allow":["GET"]}}],"collection":[{"href":"https:\/\/lesgitesdelamourebasse.fr\/index.php\/wp-json\/wp\/v2\/pages"}],"about":[{"href":"https:\/\/lesgitesdelamourebasse.fr\/index.php\/wp-json\/wp\/v2\/types\/page"}],"author":[{"embeddable":true,"href":"https:\/\/lesgitesdelamourebasse.fr\/index.php\/wp-json\/wp\/v2\/users\/1"}],"replies":[{"embeddable":true,"href":"https:\/\/lesgitesdelamourebasse.fr\/index.php\/wp-json\/wp\/v2\/comments?post=189"}],"version-history":[{"count":7,"href":"https:\/\/lesgitesdelamourebasse.fr\/index.php\/wp-json\/wp\/v2\/pages\/189\/revisions"}],"predecessor-version":[{"id":521,"href":"https:\/\/lesgitesdelamourebasse.fr\/index.php\/wp-json\/wp\/v2\/pages\/189\/revisions\/521"}],"wp:attachment":[{"href":"https:\/\/lesgitesdelamourebasse.fr\/index.php\/wp-json\/wp\/v2\/media?parent=189"}],"curies":[{"name":"wp","href":"https:\/\/api.w.org\/{rel}","templated":true}]}}